{"id":536,"date":"2024-04-10T10:27:55","date_gmt":"2024-04-10T08:27:55","guid":{"rendered":"https:\/\/asmiguinasdocebreiro.com\/?page_id=536"},"modified":"2024-04-10T10:31:40","modified_gmt":"2024-04-10T08:31:40","slug":"las-medulas","status":"publish","type":"page","link":"https:\/\/asmiguinasdocebreiro.com\/fr\/las-medulas\/","title":{"rendered":"Las M\u00e9dulas"},"content":{"rendered":"<p>[et_pb_section fb_built=\u00bb1&#8243; disabled_on=\u00bbon|on|off\u00bb admin_label=\u00bbCall to Action\u00bb module_id=\u00bbhabitaciones\u00bb _builder_version=\u00bb4.24.3&#8243; _module_preset=\u00bbdefault\u00bb background_image=\u00bbhttps:\/\/asmiguinasdocebreiro.com\/wp-content\/uploads\/2024\/04\/imagen-las-medulas.webp\u00bb custom_padding=\u00bb262px||262px||true|false\u00bb collapsed=\u00bbon\u00bb global_colors_info=\u00bb{}\u00bb][\/et_pb_section][et_pb_section fb_built=\u00bb1&#8243; disabled_on=\u00bbon|off|on\u00bb admin_label=\u00bbCall to Action\u00bb module_id=\u00bbhabitaciones\u00bb _builder_version=\u00bb4.24.3&#8243; _module_preset=\u00bbdefault\u00bb background_image=\u00bbhttps:\/\/asmiguinasdocebreiro.com\/wp-content\/uploads\/2024\/04\/imagen-las-medulas.webp\u00bb custom_padding=\u00bb169px||169px||true|false\u00bb collapsed=\u00bbon\u00bb global_colors_info=\u00bb{}\u00bb][\/et_pb_section][et_pb_section fb_built=\u00bb1&#8243; disabled_on=\u00bboff|on|on\u00bb admin_label=\u00bbCall to Action\u00bb module_id=\u00bbhabitaciones\u00bb _builder_version=\u00bb4.24.3&#8243; _module_preset=\u00bbdefault\u00bb background_image=\u00bbhttps:\/\/asmiguinasdocebreiro.com\/wp-content\/uploads\/2024\/04\/imagen-las-medulas.webp\u00bb custom_padding=\u00bb81px||81px||true|false\u00bb collapsed=\u00bbon\u00bb global_colors_info=\u00bb{}\u00bb][\/et_pb_section][et_pb_section fb_built=\u00bb1&#8243; _builder_version=\u00bb4.22.2&#8243; _module_preset=\u00bbdefault\u00bb custom_padding=\u00bb50px||20px|||\u00bb global_colors_info=\u00bb{}\u00bb][et_pb_row _builder_version=\u00bb4.22.2&#8243; _module_preset=\u00bbdefault\u00bb custom_padding=\u00bb31px|||||\u00bb global_colors_info=\u00bb{}\u00bb][et_pb_column type=\u00bb4_4&#8243; _builder_version=\u00bb4.22.2&#8243; _module_preset=\u00bbdefault\u00bb global_colors_info=\u00bb{}\u00bb][et_pb_text _builder_version=\u00bb4.22.2&#8243; _module_preset=\u00bbdefault\u00bb header_font=\u00bbPrata||||||||\u00bb header_text_align=\u00bbcenter\u00bb header_font_size=\u00bb3rem\u00bb header_line_height=\u00bb1.5em\u00bb header_2_font=\u00bbPrata||||||||\u00bb header_2_text_align=\u00bbcenter\u00bb header_2_font_size=\u00bb3rem\u00bb header_2_line_height=\u00bb1.5em\u00bb global_colors_info=\u00bb{}\u00bb]<\/p>\n<h1><strong>Las M\u00e9dulas<\/strong><\/h1>\n<p>[\/et_pb_text][\/et_pb_column][\/et_pb_row][et_pb_row _builder_version=\u00bb4.22.2&#8243; _module_preset=\u00bbdefault\u00bb global_colors_info=\u00bb{}\u00bb][et_pb_column type=\u00bb4_4&#8243; _builder_version=\u00bb4.22.2&#8243; _module_preset=\u00bbdefault\u00bb global_colors_info=\u00bb{}\u00bb][et_pb_text _builder_version=\u00bb4.24.3&#8243; _module_preset=\u00bbdefault\u00bb text_font=\u00bbPrata||||||||\u00bb text_font_size=\u00bb1.2rem\u00bb text_line_height=\u00bb1.6em\u00bb header_font=\u00bbPetrona||||||||\u00bb header_text_align=\u00bbcenter\u00bb header_font_size=\u00bb3rem\u00bb header_line_height=\u00bb1.5em\u00bb header_2_font=\u00bbPrata||||||||\u00bb header_2_text_align=\u00bbcenter\u00bb header_2_font_size=\u00bb2rem\u00bb header_2_line_height=\u00bb1.5em\u00bb hover_enabled=\u00bb0&#8243; text_font_size_tablet=\u00bb1.3rem\u00bb text_font_size_phone=\u00bb1.3rem\u00bb text_font_size_last_edited=\u00bbon|phone\u00bb global_colors_info=\u00bb{}\u00bb sticky_enabled=\u00bb0&#8243;]<\/p>\n<h2>Las M\u00e9dulas : tr\u00e9sor culturel et naturel de l'Espagne<\/h2>\n<p>Au c\u0153ur de la province de Le\u00f3n, dans la communaut\u00e9 autonome de Castilla y Le\u00f3n, \u00e0 un peu plus de 50 kilom\u00e8tres de <a href=\"https:\/\/asmiguinasdocebreiro.com\/fr\/pedrafita-do-cebreiro\/\">Pedrafita<\/a>se trouve un paysage unique qui semble tout droit sorti d'un conte de f\u00e9es. <a href=\"https:\/\/es.wikipedia.org\/wiki\/Las_M%C3%A9dulas#:~:text=En%201997%20la%20Unesco%20declar%C3%B3,la%20Balouta%2C%20Valdebr%C3%ADa%20y%20Yeres.\" target=\"_blank\" rel=\"nofollow noopener\">Las M\u00e9dulas, class\u00e9e au patrimoine mondial de l'UNESCO en 1997<\/a>, ils constituent un t\u00e9moignage impressionnant de l'interaction entre la nature et l'action humaine au cours des si\u00e8cles.<\/p>\n<p>[\/et_pb_text][et_pb_image src=\u00bbhttps:\/\/asmiguinasdocebreiro.com\/wp-content\/uploads\/2024\/04\/imagen-las-medulas-.webp\u00bb alt=\u00bblas medulas\u00bb align=\u00bbcenter\u00bb _builder_version=\u00bb4.24.3&#8243; _module_preset=\u00bbdefault\u00bb global_colors_info=\u00bb{}\u00bb][\/et_pb_image][et_pb_text _builder_version=\u00bb4.24.3&#8243; _module_preset=\u00bbdefault\u00bb text_font=\u00bbPrata||||||||\u00bb text_font_size=\u00bb1.2rem\u00bb text_line_height=\u00bb1.6em\u00bb header_font=\u00bbPetrona||||||||\u00bb header_text_align=\u00bbcenter\u00bb header_font_size=\u00bb3rem\u00bb header_line_height=\u00bb1.5em\u00bb header_2_font=\u00bbPrata||||||||\u00bb header_2_text_align=\u00bbcenter\u00bb header_2_font_size=\u00bb2rem\u00bb header_2_line_height=\u00bb1.5em\u00bb text_font_size_tablet=\u00bb1.3rem\u00bb text_font_size_phone=\u00bb1.3rem\u00bb text_font_size_last_edited=\u00bbon|phone\u00bb global_colors_info=\u00bb{}\u00bb]<\/p>\n<p>Dans l'Antiquit\u00e9, cette mine \u00e0 ciel ouvert \u00e9tait l'une des principales sources d'or de l'Empire romain, la plus grande de tout l'empire. Ce paysage surr\u00e9aliste est le r\u00e9sultat de l'exploitation \u00e0 grande \u00e9chelle de l'or par les Romains selon un proc\u00e9d\u00e9 connu sous le nom de ruina montium, qui consistait \u00e0 d\u00e9tourner les rivi\u00e8res pour \u00e9roder la montagne et mettre \u00e0 nu les gisements d'or qui s'y trouvaient cach\u00e9s. Cette m\u00e9thode a radicalement transform\u00e9 la topographie de la r\u00e9gion, laissant derri\u00e8re elle un paysage de collines couvertes de v\u00e9g\u00e9tation et sillonn\u00e9es de profondes cicatrices rouge\u00e2tres, qui sont aujourd'hui l'une des marques les plus reconnaissables de Las M\u00e9dulas.<br \/>Le paysage est un amalgame d'histoire, de g\u00e9ologie et de beaut\u00e9 naturelle. Les sentiers qui parcourent le parc permettent de p\u00e9n\u00e9trer dans ce paysage unique et de d\u00e9couvrir de pr\u00e8s les vestiges de l'ancienne activit\u00e9 mini\u00e8re romaine, tels que les canaux, les tunnels et les puits. En outre, depuis plusieurs points de vue strat\u00e9giquement situ\u00e9s, vous pourrez contempler la grandeur de Las M\u00e9dulas dans toute sa splendeur, avec des vues panoramiques \u00e0 couper le souffle.<\/p>\n<p>[\/et_pb_text][et_pb_image src=\u00bbhttps:\/\/asmiguinasdocebreiro.com\/wp-content\/uploads\/2024\/04\/imagen-las-medulas-2.webp\u00bb alt=\u00bblas m\u00e9dulas\u00bb align=\u00bbcenter\u00bb _builder_version=\u00bb4.24.3&#8243; _module_preset=\u00bbdefault\u00bb global_colors_info=\u00bb{}\u00bb][\/et_pb_image][et_pb_text _builder_version=\u00bb4.24.3&#8243; _module_preset=\u00bbdefault\u00bb text_font=\u00bbPrata||||||||\u00bb text_font_size=\u00bb1.2rem\u00bb text_line_height=\u00bb1.6em\u00bb header_font=\u00bbPetrona||||||||\u00bb header_text_align=\u00bbcenter\u00bb header_font_size=\u00bb3rem\u00bb header_line_height=\u00bb1.5em\u00bb header_2_font=\u00bbPrata||||||||\u00bb header_2_text_align=\u00bbcenter\u00bb header_2_font_size=\u00bb2rem\u00bb header_2_line_height=\u00bb1.5em\u00bb custom_padding=\u00bb||25px|||\u00bb text_font_size_tablet=\u00bb1.3rem\u00bb text_font_size_phone=\u00bb1.3rem\u00bb text_font_size_last_edited=\u00bbon|phone\u00bb global_colors_info=\u00bb{}\u00bb]<\/p>\n<p>Pour les passionn\u00e9s d'histoire, Las M\u00e9dulas est un v\u00e9ritable tr\u00e9sor arch\u00e9ologique. Les traces de l'activit\u00e9 mini\u00e8re romaine sont visibles \u00e0 chaque coin du parc, et de nombreux panneaux d'information fournissent des d\u00e9tails sur le processus d'extraction de l'or et sur la vie dans la Rome antique. En outre, d'autres sites d'int\u00e9r\u00eat arch\u00e9ologique, tels que les ruines de la ville romaine de Ponferrada, peuvent \u00eatre visit\u00e9s dans les environs de Las M\u00e9dulas, compl\u00e9tant ainsi l'exp\u00e9rience culturelle de la visite.<\/p>\n<p>D'autre part, Las M\u00e9dulas est un paradis pour les amoureux de la nature. Le parc abrite une grande diversit\u00e9 de flore et de faune, avec des esp\u00e8ces end\u00e9miques et uniques qui ont trouv\u00e9 dans cet environnement un refuge id\u00e9al. Les for\u00eats de ch\u00e2taigniers, de ch\u00eanes et de ch\u00eanes verts qui entourent les collines rouge\u00e2tres constituent un habitat parfait pour une grande vari\u00e9t\u00e9 d'oiseaux, de mammif\u00e8res et de reptiles, ce qui fait de Las M\u00e9dulas une destination id\u00e9ale pour l'observation de la faune et la pratique d'activit\u00e9s de plein air telles que la randonn\u00e9e et le cyclisme. Parmi les esp\u00e8ces que les visiteurs peuvent rencontrer, citons la genette, le blaireau, le loir, la chouette hulotte, l'\u00e9pervier ou le pigeon ramier, entre autres.<\/p>\n<p>Outre sa valeur culturelle et naturelle, ce lieu fantastique est \u00e9galement un exemple de la mani\u00e8re dont la collaboration entre l'homme et la nature peut g\u00e9n\u00e9rer des paysages d'une beaut\u00e9 extraordinaire. Bien que l'exploitation de l'or par les Romains ait eu un impact environnemental consid\u00e9rable \u00e0 l'\u00e9poque, la nature a r\u00e9cup\u00e9r\u00e9 ce territoire au fil des si\u00e8cles, donnant naissance \u00e0 un paysage unique qui combine l'intervention humaine et la r\u00e9g\u00e9n\u00e9ration naturelle.<\/p>\n<p>En r\u00e9sum\u00e9, est une destination incontournable pour tous ceux qui recherchent des exp\u00e9riences authentiques et des paysages \u00e9poustouflants. Ce tr\u00e9sor culturel et naturel offre une fen\u00eatre sur le pass\u00e9 romain de la r\u00e9gion et une occasion de se connecter \u00e0 la beaut\u00e9 et \u00e0 la biodiversit\u00e9 de la nature. Avec son m\u00e9lange unique d'histoire, de g\u00e9ologie et d'\u00e9cologie, ce site captive les sens et laisse une impression ind\u00e9l\u00e9bile \u00e0 ceux qui ont le privil\u00e8ge de le visiter.<\/p>\n<p>[\/et_pb_text][\/et_pb_column][\/et_pb_row][\/et_pb_section]<\/p>","protected":false},"excerpt":{"rendered":"<p>Las M\u00e9dulasLas M\u00e9dulas: Tesoro Cultural y Natural de Espa\u00f1a En el coraz\u00f3n de la provincia de Le\u00f3n, en la comunidad aut\u00f3noma de Castilla y Le\u00f3n, a poco m\u00e1s de 50 kil\u00f3metros de Pedrafita, se encuentra un paisaje \u00fanico que parece sacado de un cuento de fantas\u00eda. Las M\u00e9dulas, declaradas Patrimonio de la Humanidad por la [&hellip;]<\/p>","protected":false},"author":1,"featured_media":0,"parent":0,"menu_order":0,"comment_status":"closed","ping_status":"closed","template":"","meta":{"_et_pb_use_builder":"on","_et_pb_old_content":"","_et_gb_content_width":"","footnotes":""},"class_list":["post-536","page","type-page","status-publish","hentry"],"_links":{"self":[{"href":"https:\/\/asmiguinasdocebreiro.com\/fr\/wp-json\/wp\/v2\/pages\/536","targetHints":{"allow":["GET"]}}],"collection":[{"href":"https:\/\/asmiguinasdocebreiro.com\/fr\/wp-json\/wp\/v2\/pages"}],"about":[{"href":"https:\/\/asmiguinasdocebreiro.com\/fr\/wp-json\/wp\/v2\/types\/page"}],"author":[{"embeddable":true,"href":"https:\/\/asmiguinasdocebreiro.com\/fr\/wp-json\/wp\/v2\/users\/1"}],"replies":[{"embeddable":true,"href":"https:\/\/asmiguinasdocebreiro.com\/fr\/wp-json\/wp\/v2\/comments?post=536"}],"version-history":[{"count":8,"href":"https:\/\/asmiguinasdocebreiro.com\/fr\/wp-json\/wp\/v2\/pages\/536\/revisions"}],"predecessor-version":[{"id":558,"href":"https:\/\/asmiguinasdocebreiro.com\/fr\/wp-json\/wp\/v2\/pages\/536\/revisions\/558"}],"wp:attachment":[{"href":"https:\/\/asmiguinasdocebreiro.com\/fr\/wp-json\/wp\/v2\/media?parent=536"}],"curies":[{"name":"wp","href":"https:\/\/api.w.org\/{rel}","templated":true}]}}

Las Médulas

<p>[et_pb_section fb_built=»1&#8243; disabled_on=»on|on|off» admin_label=»Call to Action» module_id=»habitaciones» _builder_version=»4.24.3&#8243; _module_preset=»default» background_image=»https://asmiguinasdocebreiro.com/wp-content/uploads/2024/04/imagen-las-medulas.webp» custom_padding=»262px||262px||true|false» collapsed=»on» global_colors_info=»{}»][/et_pb_section][et_pb_section fb_built=»1&#8243; disabled_on=»on|off|on» admin_label=»Call to Action» module_id=»habitaciones» _builder_version=»4.24.3&#8243; _module_preset=»default» background_image=»https://asmiguinasdocebreiro.com/wp-content/uploads/2024/04/imagen-las-medulas.webp» custom_padding=»169px||169px||true|false» collapsed=»on» global_colors_info=»{}»][/et_pb_section][et_pb_section fb_built=»1&#8243; disabled_on=»off|on|on» admin_label=»Call to Action» module_id=»habitaciones» _builder_version=»4.24.3&#8243; _module_preset=»default» background_image=»https://asmiguinasdocebreiro.com/wp-content/uploads/2024/04/imagen-las-medulas.webp» custom_padding=»81px||81px||true|false» collapsed=»on» global_colors_info=»{}»][/et_pb_section][et_pb_section fb_built=»1&#8243; _builder_version=»4.22.2&#8243; _module_preset=»default» custom_padding=»50px||20px|||» global_colors_info=»{}»][et_pb_row _builder_version=»4.22.2&#8243; _module_preset=»default» custom_padding=»31px|||||» global_colors_info=»{}»][et_pb_column type=»4_4&#8243; _builder_version=»4.22.2&#8243; _module_preset=»default» global_colors_info=»{}»][et_pb_text _builder_version=»4.22.2&#8243; _module_preset=»default» header_font=»Prata||||||||» header_text_align=»center» header_font_size=»3rem» header_line_height=»1.5em» header_2_font=»Prata||||||||» header_2_text_align=»center» header_2_font_size=»3rem» header_2_line_height=»1.5em» global_colors_info=»{}»]</p>
<h1><strong>Las Médulas</strong></h1>
<p>[/et_pb_text][/et_pb_column][/et_pb_row][et_pb_row _builder_version=»4.22.2&#8243; _module_preset=»default» global_colors_info=»{}»][et_pb_column type=»4_4&#8243; _builder_version=»4.22.2&#8243; _module_preset=»default» global_colors_info=»{}»][et_pb_text _builder_version=»4.24.3&#8243; _module_preset=»default» text_font=»Prata||||||||» text_font_size=»1.2rem» text_line_height=»1.6em» header_font=»Petrona||||||||» header_text_align=»center» header_font_size=»3rem» header_line_height=»1.5em» header_2_font=»Prata||||||||» header_2_text_align=»center» header_2_font_size=»2rem» header_2_line_height=»1.5em» hover_enabled=»0&#8243; text_font_size_tablet=»1.3rem» text_font_size_phone=»1.3rem» text_font_size_last_edited=»on|phone» global_colors_info=»{}» sticky_enabled=»0&#8243;]</p>
<h2>Las Médulas : trésor culturel et naturel de l'Espagne</h2>
<p>Au cœur de la province de León, dans la communauté autonome de Castilla y León, à un peu plus de 50 kilomètres de <a href="https://asmiguinasdocebreiro.com/fr/pedrafita-do-cebreiro/">Pedrafita</a>se trouve un paysage unique qui semble tout droit sorti d'un conte de fées. <a href="https://es.wikipedia.org/wiki/Las_M%C3%A9dulas#:~:text=En%201997%20la%20Unesco%20declar%C3%B3,la%20Balouta%2C%20Valdebr%C3%ADa%20y%20Yeres." target="_blank" rel="nofollow noopener">Las Médulas, classée au patrimoine mondial de l'UNESCO en 1997</a>, ils constituent un témoignage impressionnant de l'interaction entre la nature et l'action humaine au cours des siècles.</p>
<p>[/et_pb_text][et_pb_image src=»https://asmiguinasdocebreiro.com/wp-content/uploads/2024/04/imagen-las-medulas-.webp» alt=»las medulas» align=»center» _builder_version=»4.24.3&#8243; _module_preset=»default» global_colors_info=»{}»][/et_pb_image][et_pb_text _builder_version=»4.24.3&#8243; _module_preset=»default» text_font=»Prata||||||||» text_font_size=»1.2rem» text_line_height=»1.6em» header_font=»Petrona||||||||» header_text_align=»center» header_font_size=»3rem» header_line_height=»1.5em» header_2_font=»Prata||||||||» header_2_text_align=»center» header_2_font_size=»2rem» header_2_line_height=»1.5em» text_font_size_tablet=»1.3rem» text_font_size_phone=»1.3rem» text_font_size_last_edited=»on|phone» global_colors_info=»{}»]</p>
<p>Dans l'Antiquité, cette mine à ciel ouvert était l'une des principales sources d'or de l'Empire romain, la plus grande de tout l'empire. Ce paysage surréaliste est le résultat de l'exploitation à grande échelle de l'or par les Romains selon un procédé connu sous le nom de ruina montium, qui consistait à détourner les rivières pour éroder la montagne et mettre à nu les gisements d'or qui s'y trouvaient cachés. Cette méthode a radicalement transformé la topographie de la région, laissant derrière elle un paysage de collines couvertes de végétation et sillonnées de profondes cicatrices rougeâtres, qui sont aujourd'hui l'une des marques les plus reconnaissables de Las Médulas.<br />Le paysage est un amalgame d'histoire, de géologie et de beauté naturelle. Les sentiers qui parcourent le parc permettent de pénétrer dans ce paysage unique et de découvrir de près les vestiges de l'ancienne activité minière romaine, tels que les canaux, les tunnels et les puits. En outre, depuis plusieurs points de vue stratégiquement situés, vous pourrez contempler la grandeur de Las Médulas dans toute sa splendeur, avec des vues panoramiques à couper le souffle.</p>
<p>[/et_pb_text][et_pb_image src=»https://asmiguinasdocebreiro.com/wp-content/uploads/2024/04/imagen-las-medulas-2.webp» alt=»las médulas» align=»center» _builder_version=»4.24.3&#8243; _module_preset=»default» global_colors_info=»{}»][/et_pb_image][et_pb_text _builder_version=»4.24.3&#8243; _module_preset=»default» text_font=»Prata||||||||» text_font_size=»1.2rem» text_line_height=»1.6em» header_font=»Petrona||||||||» header_text_align=»center» header_font_size=»3rem» header_line_height=»1.5em» header_2_font=»Prata||||||||» header_2_text_align=»center» header_2_font_size=»2rem» header_2_line_height=»1.5em» custom_padding=»||25px|||» text_font_size_tablet=»1.3rem» text_font_size_phone=»1.3rem» text_font_size_last_edited=»on|phone» global_colors_info=»{}»]</p>
<p>Pour les passionnés d'histoire, Las Médulas est un véritable trésor archéologique. Les traces de l'activité minière romaine sont visibles à chaque coin du parc, et de nombreux panneaux d'information fournissent des détails sur le processus d'extraction de l'or et sur la vie dans la Rome antique. En outre, d'autres sites d'intérêt archéologique, tels que les ruines de la ville romaine de Ponferrada, peuvent être visités dans les environs de Las Médulas, complétant ainsi l'expérience culturelle de la visite.</p>
<p>D'autre part, Las Médulas est un paradis pour les amoureux de la nature. Le parc abrite une grande diversité de flore et de faune, avec des espèces endémiques et uniques qui ont trouvé dans cet environnement un refuge idéal. Les forêts de châtaigniers, de chênes et de chênes verts qui entourent les collines rougeâtres constituent un habitat parfait pour une grande variété d'oiseaux, de mammifères et de reptiles, ce qui fait de Las Médulas une destination idéale pour l'observation de la faune et la pratique d'activités de plein air telles que la randonnée et le cyclisme. Parmi les espèces que les visiteurs peuvent rencontrer, citons la genette, le blaireau, le loir, la chouette hulotte, l'épervier ou le pigeon ramier, entre autres.</p>
<p>Outre sa valeur culturelle et naturelle, ce lieu fantastique est également un exemple de la manière dont la collaboration entre l'homme et la nature peut générer des paysages d'une beauté extraordinaire. Bien que l'exploitation de l'or par les Romains ait eu un impact environnemental considérable à l'époque, la nature a récupéré ce territoire au fil des siècles, donnant naissance à un paysage unique qui combine l'intervention humaine et la régénération naturelle.</p>
<p>En résumé, est une destination incontournable pour tous ceux qui recherchent des expériences authentiques et des paysages époustouflants. Ce trésor culturel et naturel offre une fenêtre sur le passé romain de la région et une occasion de se connecter à la beauté et à la biodiversité de la nature. Avec son mélange unique d'histoire, de géologie et d'écologie, ce site captive les sens et laisse une impression indélébile à ceux qui ont le privilège de le visiter.</p>
<p>[/et_pb_text][/et_pb_column][/et_pb_row][/et_pb_section]</p>

<p>Las MédulasLas Médulas: Tesoro Cultural y Natural de España En el corazón de la provincia de León, en la comunidad autónoma de Castilla y León, a poco más de 50 kilómetros de Pedrafita, se encuentra un paisaje único que parece sacado de un cuento de fantasía. Las Médulas, declaradas Patrimonio de la Humanidad por la [&hellip;]</p>
