{"id":310,"date":"2023-10-28T20:00:39","date_gmt":"2023-10-28T18:00:39","guid":{"rendered":"https:\/\/asmiguinasdocebreiro.com\/?page_id=310"},"modified":"2024-04-05T22:54:24","modified_gmt":"2024-04-05T20:54:24","slug":"os-ancares","status":"publish","type":"page","link":"https:\/\/asmiguinasdocebreiro.com\/fr\/os-ancares\/","title":{"rendered":"Os Ancares"},"content":{"rendered":"<p>[et_pb_section fb_built=\u00bb1&#8243; disabled_on=\u00bbon|on|off\u00bb admin_label=\u00bbCall to Action\u00bb module_id=\u00bbhabitaciones\u00bb _builder_version=\u00bb4.22.2&#8243; _module_preset=\u00bbdefault\u00bb background_image=\u00bbhttps:\/\/asmiguinasdocebreiro.com\/wp-content\/uploads\/2023\/10\/montanas-ancares-espana-rodeadas-arboles-cesped.webp\u00bb custom_padding=\u00bb263px||263px||true|false\u00bb collapsed=\u00bbon\u00bb global_colors_info=\u00bb{}\u00bb][\/et_pb_section][et_pb_section fb_built=\u00bb1&#8243; disabled_on=\u00bbon|off|on\u00bb admin_label=\u00bbCall to Action\u00bb module_id=\u00bbhabitaciones\u00bb _builder_version=\u00bb4.22.2&#8243; _module_preset=\u00bbdefault\u00bb background_image=\u00bbhttps:\/\/asmiguinasdocebreiro.com\/wp-content\/uploads\/2023\/10\/montanas-ancares-espana-rodeadas-arboles-cesped.webp\u00bb custom_padding=\u00bb169px||169px||true|false\u00bb collapsed=\u00bbon\u00bb global_colors_info=\u00bb{}\u00bb][\/et_pb_section][et_pb_section fb_built=\u00bb1&#8243; disabled_on=\u00bboff|on|on\u00bb admin_label=\u00bbCall to Action\u00bb module_id=\u00bbhabitaciones\u00bb _builder_version=\u00bb4.22.2&#8243; _module_preset=\u00bbdefault\u00bb background_image=\u00bbhttps:\/\/asmiguinasdocebreiro.com\/wp-content\/uploads\/2023\/10\/montanas-ancares-espana-rodeadas-arboles-cesped.webp\u00bb custom_padding=\u00bb81px||81px||true|false\u00bb collapsed=\u00bbon\u00bb global_colors_info=\u00bb{}\u00bb][\/et_pb_section][et_pb_section fb_built=\u00bb1&#8243; _builder_version=\u00bb4.22.2&#8243; _module_preset=\u00bbdefault\u00bb custom_padding=\u00bb50px||20px|||\u00bb global_colors_info=\u00bb{}\u00bb][et_pb_row _builder_version=\u00bb4.22.2&#8243; _module_preset=\u00bbdefault\u00bb global_colors_info=\u00bb{}\u00bb custom_padding=\u00bb33px|||||\u00bb][et_pb_column type=\u00bb4_4&#8243; _builder_version=\u00bb4.22.2&#8243; _module_preset=\u00bbdefault\u00bb global_colors_info=\u00bb{}\u00bb][et_pb_text _builder_version=\u00bb4.23.1&#8243; _module_preset=\u00bbdefault\u00bb header_font=\u00bbPrata||||||||\u00bb header_text_align=\u00bbcenter\u00bb header_font_size=\u00bb3rem\u00bb header_line_height=\u00bb1.5em\u00bb header_2_font=\u00bbPrata||||||||\u00bb header_2_text_align=\u00bbcenter\u00bb header_2_font_size=\u00bb3rem\u00bb header_2_line_height=\u00bb1.5em\u00bb global_colors_info=\u00bb{}\u00bb]<\/p>\n<h1><strong>Os Ancares<\/strong><\/h1>\n<p>[\/et_pb_text][\/et_pb_column][\/et_pb_row][et_pb_row _builder_version=\u00bb4.22.2&#8243; _module_preset=\u00bbdefault\u00bb global_colors_info=\u00bb{}\u00bb][et_pb_column type=\u00bb4_4&#8243; _builder_version=\u00bb4.22.2&#8243; _module_preset=\u00bbdefault\u00bb global_colors_info=\u00bb{}\u00bb][et_pb_text _builder_version=\u00bb4.23.1&#8243; _module_preset=\u00bbdefault\u00bb text_font=\u00bbPrata||||||||\u00bb text_font_size=\u00bb1.2rem\u00bb text_line_height=\u00bb1.6em\u00bb header_font=\u00bbPetrona||||||||\u00bb header_text_align=\u00bbcenter\u00bb header_font_size=\u00bb3rem\u00bb header_line_height=\u00bb1.5em\u00bb header_2_font=\u00bbPrata||||||||\u00bb header_2_text_align=\u00bbcenter\u00bb header_2_font_size=\u00bb2rem\u00bb header_2_line_height=\u00bb1.5em\u00bb text_font_size_tablet=\u00bb1.3rem\u00bb text_font_size_phone=\u00bb1.3rem\u00bb text_font_size_last_edited=\u00bbon|phone\u00bb global_colors_info=\u00bb{}\u00bb]<\/p>\n<h2>Os Ancares<\/h2>\n<div><b>Valle de Ancares<\/b>\u00a0est une r\u00e9gion traditionnelle d'Espagne, dans la province de Le\u00f3n, qui co\u00efncide avec la municipalit\u00e9 de Cand\u00edn, et qui, dans la seconde moiti\u00e9 du XXe si\u00e8cle, a donn\u00e9 son nom \u00e0 un territoire plus vaste appel\u00e9\u00a0<b>Los Ancares<\/b>\u00a0la version la plus souple et la plus large, qui inclut d'autres parties de la\u00a0<a title=\"El Bierzo\" href=\"https:\/\/es.wikipedia.org\/wiki\/El_Bierzo\" target=\"_blank\" rel=\"nofollow noopener\">Bierzo<\/a>\u00a0en <strong>Le\u00f3n<\/strong>, de\u00a0<strong>Navia de Suarna<\/strong>\u00a0\u00e0\u00a0<a title=\"Piedrafita del Cebrero\" href=\"https:\/\/asmiguinasdocebreiro.com\/fr\/pedrafita-do-cebreiro\/\">Piedrafita del Cebrero<\/a>\u00a0\u00e0 l'est de\u00a0<strong>Lugo<\/strong>, et une partie d'Ibias dans le sud-ouest de l'Union europ\u00e9enne.<strong>\u00a0Asturias.<\/strong><sup id=\"cite_ref-enciclopediaLeon_2-0\"><\/sup><\/div>\n<p>&nbsp;<\/p>\n<div>Il s'agit d'une r\u00e9gion montagneuse, difficile d'acc\u00e8s jusqu'\u00e0 la fin du XXe si\u00e8cle, qui a conserv\u00e9 ses coutumes, son architecture et sa langue. Elle est situ\u00e9e entre deux bassins fluviaux, le Sil et le Navia, s\u00e9par\u00e9s par les ports de\u00a0<strong>Ancares\u00a0<\/strong>(1670 m asl) au nord et de la\u00a0<strong>Port de Portelo\u00a0<\/strong>(1068 masl) au sud de la cha\u00eene de montagnes d'Ancares.<\/div>\n<p>&nbsp;<\/p>\n<div>Les contreforts de la cha\u00eene de montagnes cantabrique connue sous le nom de Sierra de Ancares constituent un syst\u00e8me g\u00e9omorphologique o\u00f9 se rejoignent les provinces de Le\u00f3n et de Lugo. Elle s'\u00e9tend du sud au nord, de Pe\u00f1a Rubia \u00e0 l'extr\u00e9mit\u00e9 sud-ouest, et la s\u00e9pare de la vall\u00e9e de\u00a0<strong>Balboa\u00a0<\/strong>\u00e0 Le\u00f3n, et de la\u00a0<strong>Noceda\u00a0<\/strong>\u00e0 Lugo, jusqu'au col d'Ancares, qui borde la cha\u00eene de montagnes de Mingat\u00f3n au nord et d'o\u00f9 s'ouvre la vall\u00e9e d'Ancares au sud-est, o\u00f9 coule la rivi\u00e8re qui a donn\u00e9 son nom \u00e0 toute la r\u00e9gion.<sup id=\"cite_ref-CNIG50_6-0\"><\/sup><sup id=\"cite_ref-DiputacionLeon2003_1-1\"><a href=\"http:\/\/es.wikipedia.org\/wiki\/Los_Ancares#cite_note-DiputacionLeon2003-1\" target=\"_blank\" rel=\"noopener\"><br \/><\/a><\/sup><\/div>\n<p>&nbsp;<\/p>\n<div>La vall\u00e9e d'Ancares, r\u00e9sultat de l'\u00e9rosion glaciaire et fluviale, est entour\u00e9e de montagnes d'altitude moyenne \u00e9lev\u00e9e (Pico Cui\u00f1a 1987 masl) et de pentes abruptes. Elle est situ\u00e9e au nord-ouest d'El Bierzo.<sup id=\"cite_ref-8\"><\/sup>\u00a0La rivi\u00e8re principale est l'Ancares, un affluent de la rivi\u00e8re C\u00faa dans le bassin du Sil. Elle prend sa source au confluent des rivi\u00e8res Cui\u00f1a et de la Vega, au sud de Cand\u00edn. Ses affluents sont les rivi\u00e8res Miravalles et Seco, ainsi que les ruisseaux de Pened\u00f3n, Bali\u00f1as et de la Cruz. La vall\u00e9e se termine \u00e0 l'extr\u00e9mit\u00e9 sud de la commune de Cand\u00edn, co\u00efncidant avec la limite m\u00e9ridionale de la r\u00e9gion traditionnelle <strong>Valle de Ancares<\/strong>. Apr\u00e8s cette gorge, la vall\u00e9e s'ouvre \u00e0 nouveau en\u00a0<strong>San Mart\u00edn de Moreda<\/strong>\u00a0puis la rivi\u00e8re se jette dans la C\u00faa dans le district municipal de<strong>\u00a0San Pedro de Olleros.<\/strong><sup id=\"cite_ref-enciclopediaLeon_2-2\"><\/sup><\/div>\n<p>&nbsp;<\/p>\n<div>Au nord de la cha\u00eene de Mingat\u00f3n, en direction des Asturies, la vall\u00e9e de la rivi\u00e8re Ibias s'ouvre sur les cha\u00eenes de montagnes de Borde, Pandelo et Valcarce, ainsi que sur les cha\u00eenes de montagnes de Muniellos, qui la s\u00e9parent de la rivi\u00e8re Narcea et <strong>Barreiro<\/strong> qui la s\u00e9pare de la\u00a0<strong>Rivi\u00e8re Navia<\/strong>.<sup id=\"cite_ref-CNIG200AS_9-0\"><\/sup><\/div>\n<p>&nbsp;<\/p>\n<div>Au sud de la cha\u00eene de montagnes de Barreiro s'\u00e9tend le bassin de Navia avec de petites cha\u00eenes de montagnes telles que celles de Linares, Murias ou Granda de Arrojo, jusqu'\u00e0 ce qu'il atteigne le district de <strong>Cebrero<\/strong> qui forme la transition entre Los Ancares et la cha\u00eene de montagnes de Caurel.<sup id=\"cite_ref-CNIG200LU_10-0\"><\/sup><\/div>\n<p>&nbsp;<\/p>\n<div>Continuant \u00e0 partir du port de <strong>Piedrafita<\/strong> \u00e0 l'orient, la vall\u00e9e du\u00a0<strong>Valcarce<\/strong>\u00a0affluent du\u00a0<strong>Burbia\u00a0<\/strong>avec les vall\u00e9es du Balboa sur la rive gauche et de l'Oc\u00e9an Indien sur la rive gauche et de l'Oc\u00e9an Indien sur la rive droite.\u00a0<strong>Barjas\u00a0<\/strong>\u00e0 droite. Au nord, la vall\u00e9e de la Burbia borde la vall\u00e9e de l'Ancares et, plus au nord, s'ouvre la\u00a0<strong>Valle de Fornela<\/strong>, la r\u00e9gion traditionnelle de Le\u00f3n, \u00e0 l'amont de la rivi\u00e8re C\u00faa. \u00c0 l'ouest de cette vall\u00e9e se trouvent les districts traditionnels de Rivas del Sil et de Laciana, qui forment l'\"Alto Sil\".<sup id=\"cite_ref-CNIG200LE_7-2\"><\/sup><\/div>\n<p>&nbsp;<\/p>\n<div>La partie l\u00e9onaise de Los Ancares, outre la vall\u00e9e de la rivi\u00e8re Ancares, comprend les vall\u00e9es de\u00a0<strong>Fornela<\/strong>, Burbia et Tejeira zone couvre une superficie d'un peu plus de 62 000 ha. La partie galicienne s'articule autour des villages de <strong>San Rom\u00e1n de Cervantes<\/strong> et <strong>Navia de Suarna<\/strong> et couvre une superficie de pr\u00e8s de 8000 ha.<sup id=\"cite_ref-13\"><\/sup>\u00a0Elle est drain\u00e9e par les rivi\u00e8res affluentes de la rive droite de la rivi\u00e8re Navia, qui prennent leur source dans la cha\u00eene montagneuse d'Ancares. La partie asturienne ne comprend que la vall\u00e9e de la rivi\u00e8re Ibias ou Pelliceira, soit environ 1 000 ha.<\/div>\n<p>[\/et_pb_text][\/et_pb_column][\/et_pb_row][\/et_pb_section]<\/p>","protected":false},"excerpt":{"rendered":"<p>Os AncaresOs Ancares Valle de Ancares\u00a0es una\u00a0comarca tradicional\u00a0de\u00a0Espa\u00f1a, en la\u00a0provincia de Le\u00f3n, que coincide con el t\u00e9rmino municipal de\u00a0Cand\u00edn, y que en la segunda mitad del siglo XX dio nombre a un territorio m\u00e1s amplio denominado\u00a0Los Ancares, cuya versi\u00f3n m\u00e1s laxa y amplia comprende otras partes del\u00a0Bierzo\u00a0en Le\u00f3n, desde\u00a0Navia de Suarna\u00a0hasta\u00a0Piedrafita del Cebrero\u00a0en el oriente [&hellip;]<\/p>","protected":false},"author":1,"featured_media":314,"parent":0,"menu_order":0,"comment_status":"closed","ping_status":"closed","template":"","meta":{"_et_pb_use_builder":"on","_et_pb_old_content":"","_et_gb_content_width":"","footnotes":""},"class_list":["post-310","page","type-page","status-publish","has-post-thumbnail","hentry"],"_links":{"self":[{"href":"https:\/\/asmiguinasdocebreiro.com\/fr\/wp-json\/wp\/v2\/pages\/310","targetHints":{"allow":["GET"]}}],"collection":[{"href":"https:\/\/asmiguinasdocebreiro.com\/fr\/wp-json\/wp\/v2\/pages"}],"about":[{"href":"https:\/\/asmiguinasdocebreiro.com\/fr\/wp-json\/wp\/v2\/types\/page"}],"author":[{"embeddable":true,"href":"https:\/\/asmiguinasdocebreiro.com\/fr\/wp-json\/wp\/v2\/users\/1"}],"replies":[{"embeddable":true,"href":"https:\/\/asmiguinasdocebreiro.com\/fr\/wp-json\/wp\/v2\/comments?post=310"}],"version-history":[{"count":10,"href":"https:\/\/asmiguinasdocebreiro.com\/fr\/wp-json\/wp\/v2\/pages\/310\/revisions"}],"predecessor-version":[{"id":507,"href":"https:\/\/asmiguinasdocebreiro.com\/fr\/wp-json\/wp\/v2\/pages\/310\/revisions\/507"}],"wp:featuredmedia":[{"embeddable":true,"href":"https:\/\/asmiguinasdocebreiro.com\/fr\/wp-json\/wp\/v2\/media\/314"}],"wp:attachment":[{"href":"https:\/\/asmiguinasdocebreiro.com\/fr\/wp-json\/wp\/v2\/media?parent=310"}],"curies":[{"name":"wp","href":"https:\/\/api.w.org\/{rel}","templated":true}]}}

<p>[et_pb_section fb_built=»1&#8243; disabled_on=»on|on|off» admin_label=»Call to Action» module_id=»habitaciones» _builder_version=»4.22.2&#8243; _module_preset=»default» background_image=»https://asmiguinasdocebreiro.com/wp-content/uploads/2023/10/montanas-ancares-espana-rodeadas-arboles-cesped.webp» custom_padding=»263px||263px||true|false» collapsed=»on» global_colors_info=»{}»][/et_pb_section][et_pb_section fb_built=»1&#8243; disabled_on=»on|off|on» admin_label=»Call to Action» module_id=»habitaciones» _builder_version=»4.22.2&#8243; _module_preset=»default» background_image=»https://asmiguinasdocebreiro.com/wp-content/uploads/2023/10/montanas-ancares-espana-rodeadas-arboles-cesped.webp» custom_padding=»169px||169px||true|false» collapsed=»on» global_colors_info=»{}»][/et_pb_section][et_pb_section fb_built=»1&#8243; disabled_on=»off|on|on» admin_label=»Call to Action» module_id=»habitaciones» _builder_version=»4.22.2&#8243; _module_preset=»default» background_image=»https://asmiguinasdocebreiro.com/wp-content/uploads/2023/10/montanas-ancares-espana-rodeadas-arboles-cesped.webp» custom_padding=»81px||81px||true|false» collapsed=»on» global_colors_info=»{}»][/et_pb_section][et_pb_section fb_built=»1&#8243; _builder_version=»4.22.2&#8243; _module_preset=»default» custom_padding=»50px||20px|||» global_colors_info=»{}»][et_pb_row _builder_version=»4.22.2&#8243; _module_preset=»default» global_colors_info=»{}» custom_padding=»33px|||||»][et_pb_column type=»4_4&#8243; _builder_version=»4.22.2&#8243; _module_preset=»default» global_colors_info=»{}»][et_pb_text _builder_version=»4.23.1&#8243; _module_preset=»default» header_font=»Prata||||||||» header_text_align=»center» header_font_size=»3rem» header_line_height=»1.5em» header_2_font=»Prata||||||||» header_2_text_align=»center» header_2_font_size=»3rem» header_2_line_height=»1.5em» global_colors_info=»{}»]</p>
<h1><strong>Os Ancares</strong></h1>
<p>[/et_pb_text][/et_pb_column][/et_pb_row][et_pb_row _builder_version=»4.22.2&#8243; _module_preset=»default» global_colors_info=»{}»][et_pb_column type=»4_4&#8243; _builder_version=»4.22.2&#8243; _module_preset=»default» global_colors_info=»{}»][et_pb_text _builder_version=»4.23.1&#8243; _module_preset=»default» text_font=»Prata||||||||» text_font_size=»1.2rem» text_line_height=»1.6em» header_font=»Petrona||||||||» header_text_align=»center» header_font_size=»3rem» header_line_height=»1.5em» header_2_font=»Prata||||||||» header_2_text_align=»center» header_2_font_size=»2rem» header_2_line_height=»1.5em» text_font_size_tablet=»1.3rem» text_font_size_phone=»1.3rem» text_font_size_last_edited=»on|phone» global_colors_info=»{}»]</p>
<h2>Os Ancares</h2>
<div><b>Valle de Ancares</b> est une région traditionnelle d'Espagne, dans la province de León, qui coïncide avec la municipalité de Candín, et qui, dans la seconde moitié du XXe siècle, a donné son nom à un territoire plus vaste appelé <b>Los Ancares</b> la version la plus souple et la plus large, qui inclut d'autres parties de la <a title="El Bierzo" href="https://es.wikipedia.org/wiki/El_Bierzo" target="_blank" rel="nofollow noopener">Bierzo</a> en <strong>León</strong>, de <strong>Navia de Suarna</strong> à <a title="Piedrafita del Cebrero" href="https://asmiguinasdocebreiro.com/fr/pedrafita-do-cebreiro/">Piedrafita del Cebrero</a> à l'est de <strong>Lugo</strong>, et une partie d'Ibias dans le sud-ouest de l'Union européenne.<strong> Asturias.</strong><sup id="cite_ref-enciclopediaLeon_2-0"></sup></div>
<p>&nbsp;</p>
<div>Il s'agit d'une région montagneuse, difficile d'accès jusqu'à la fin du XXe siècle, qui a conservé ses coutumes, son architecture et sa langue. Elle est située entre deux bassins fluviaux, le Sil et le Navia, séparés par les ports de <strong>Ancares </strong>(1670 m asl) au nord et de la <strong>Port de Portelo </strong>(1068 masl) au sud de la chaîne de montagnes d'Ancares.</div>
<p>&nbsp;</p>
<div>Les contreforts de la chaîne de montagnes cantabrique connue sous le nom de Sierra de Ancares constituent un système géomorphologique où se rejoignent les provinces de León et de Lugo. Elle s'étend du sud au nord, de Peña Rubia à l'extrémité sud-ouest, et la sépare de la vallée de <strong>Balboa </strong>à León, et de la <strong>Noceda </strong>à Lugo, jusqu'au col d'Ancares, qui borde la chaîne de montagnes de Mingatón au nord et d'où s'ouvre la vallée d'Ancares au sud-est, où coule la rivière qui a donné son nom à toute la région.<sup id="cite_ref-CNIG50_6-0"></sup><sup id="cite_ref-DiputacionLeon2003_1-1"><a href="http://es.wikipedia.org/wiki/Los_Ancares#cite_note-DiputacionLeon2003-1" target="_blank" rel="noopener"><br /></a></sup></div>
<p>&nbsp;</p>
<div>La vallée d'Ancares, résultat de l'érosion glaciaire et fluviale, est entourée de montagnes d'altitude moyenne élevée (Pico Cuiña 1987 masl) et de pentes abruptes. Elle est située au nord-ouest d'El Bierzo.<sup id="cite_ref-8"></sup> La rivière principale est l'Ancares, un affluent de la rivière Cúa dans le bassin du Sil. Elle prend sa source au confluent des rivières Cuiña et de la Vega, au sud de Candín. Ses affluents sont les rivières Miravalles et Seco, ainsi que les ruisseaux de Penedón, Baliñas et de la Cruz. La vallée se termine à l'extrémité sud de la commune de Candín, coïncidant avec la limite méridionale de la région traditionnelle <strong>Valle de Ancares</strong>. Après cette gorge, la vallée s'ouvre à nouveau en <strong>San Martín de Moreda</strong> puis la rivière se jette dans la Cúa dans le district municipal de<strong> San Pedro de Olleros.</strong><sup id="cite_ref-enciclopediaLeon_2-2"></sup></div>
<p>&nbsp;</p>
<div>Au nord de la chaîne de Mingatón, en direction des Asturies, la vallée de la rivière Ibias s'ouvre sur les chaînes de montagnes de Borde, Pandelo et Valcarce, ainsi que sur les chaînes de montagnes de Muniellos, qui la séparent de la rivière Narcea et <strong>Barreiro</strong> qui la sépare de la <strong>Rivière Navia</strong>.<sup id="cite_ref-CNIG200AS_9-0"></sup></div>
<p>&nbsp;</p>
<div>Au sud de la chaîne de montagnes de Barreiro s'étend le bassin de Navia avec de petites chaînes de montagnes telles que celles de Linares, Murias ou Granda de Arrojo, jusqu'à ce qu'il atteigne le district de <strong>Cebrero</strong> qui forme la transition entre Los Ancares et la chaîne de montagnes de Caurel.<sup id="cite_ref-CNIG200LU_10-0"></sup></div>
<p>&nbsp;</p>
<div>Continuant à partir du port de <strong>Piedrafita</strong> à l'orient, la vallée du <strong>Valcarce</strong> affluent du <strong>Burbia </strong>avec les vallées du Balboa sur la rive gauche et de l'Océan Indien sur la rive gauche et de l'Océan Indien sur la rive droite. <strong>Barjas </strong>à droite. Au nord, la vallée de la Burbia borde la vallée de l'Ancares et, plus au nord, s'ouvre la <strong>Valle de Fornela</strong>, la région traditionnelle de León, à l'amont de la rivière Cúa. À l'ouest de cette vallée se trouvent les districts traditionnels de Rivas del Sil et de Laciana, qui forment l'"Alto Sil".<sup id="cite_ref-CNIG200LE_7-2"></sup></div>
<p>&nbsp;</p>
<div>La partie léonaise de Los Ancares, outre la vallée de la rivière Ancares, comprend les vallées de <strong>Fornela</strong>, Burbia et Tejeira zone couvre une superficie d'un peu plus de 62 000 ha. La partie galicienne s'articule autour des villages de <strong>San Román de Cervantes</strong> et <strong>Navia de Suarna</strong> et couvre une superficie de près de 8000 ha.<sup id="cite_ref-13"></sup> Elle est drainée par les rivières affluentes de la rive droite de la rivière Navia, qui prennent leur source dans la chaîne montagneuse d'Ancares. La partie asturienne ne comprend que la vallée de la rivière Ibias ou Pelliceira, soit environ 1 000 ha.</div>
<p>[/et_pb_text][/et_pb_column][/et_pb_row][/et_pb_section]</p>

<p>Os AncaresOs Ancares Valle de Ancares es una comarca tradicional de España, en la provincia de León, que coincide con el término municipal de Candín, y que en la segunda mitad del siglo XX dio nombre a un territorio más amplio denominado Los Ancares, cuya versión más laxa y amplia comprende otras partes del Bierzo en León, desde Navia de Suarna hasta Piedrafita del Cebrero en el oriente [&hellip;]</p>
