{"id":300,"date":"2023-10-27T13:22:00","date_gmt":"2023-10-27T11:22:00","guid":{"rendered":"https:\/\/asmiguinasdocebreiro.com\/?page_id=300"},"modified":"2024-04-05T22:54:03","modified_gmt":"2024-04-05T20:54:03","slug":"o-cebreiro","status":"publish","type":"page","link":"https:\/\/asmiguinasdocebreiro.com\/en\/o-cebreiro\/","title":{"rendered":"O Cebreiro"},"content":{"rendered":"<p>[et_pb_section fb_built=\u00bb1&#8243; disabled_on=\u00bbon|on|off\u00bb admin_label=\u00bbCall to Action\u00bb module_id=\u00bbhabitaciones\u00bb _builder_version=\u00bb4.22.2&#8243; _module_preset=\u00bbdefault\u00bb background_image=\u00bbhttps:\/\/asmiguinasdocebreiro.com\/wp-content\/uploads\/2023\/10\/ocebreiro.webp\u00bb custom_padding=\u00bb263px||263px||true|false\u00bb collapsed=\u00bbon\u00bb global_colors_info=\u00bb{}\u00bb][\/et_pb_section][et_pb_section fb_built=\u00bb1&#8243; disabled_on=\u00bbon|off|on\u00bb admin_label=\u00bbCall to Action\u00bb module_id=\u00bbhabitaciones\u00bb _builder_version=\u00bb4.22.2&#8243; _module_preset=\u00bbdefault\u00bb background_image=\u00bbhttps:\/\/asmiguinasdocebreiro.com\/wp-content\/uploads\/2023\/10\/ocebreiro.webp\u00bb custom_padding=\u00bb169px||169px||true|false\u00bb collapsed=\u00bbon\u00bb global_colors_info=\u00bb{}\u00bb][\/et_pb_section][et_pb_section fb_built=\u00bb1&#8243; disabled_on=\u00bboff|on|on\u00bb admin_label=\u00bbCall to Action\u00bb module_id=\u00bbhabitaciones\u00bb _builder_version=\u00bb4.22.2&#8243; _module_preset=\u00bbdefault\u00bb background_image=\u00bbhttps:\/\/asmiguinasdocebreiro.com\/wp-content\/uploads\/2023\/10\/ocebreiro.webp\u00bb custom_padding=\u00bb81px||81px||true|false\u00bb collapsed=\u00bbon\u00bb global_colors_info=\u00bb{}\u00bb][\/et_pb_section][et_pb_section fb_built=\u00bb1&#8243; _builder_version=\u00bb4.22.2&#8243; _module_preset=\u00bbdefault\u00bb custom_padding=\u00bb50px||20px|||\u00bb global_colors_info=\u00bb{}\u00bb][et_pb_row _builder_version=\u00bb4.22.2&#8243; _module_preset=\u00bbdefault\u00bb global_colors_info=\u00bb{}\u00bb custom_padding=\u00bb||28px|||\u00bb][et_pb_column type=\u00bb4_4&#8243; _builder_version=\u00bb4.22.2&#8243; _module_preset=\u00bbdefault\u00bb global_colors_info=\u00bb{}\u00bb][et_pb_text _builder_version=\u00bb4.22.2&#8243; _module_preset=\u00bbdefault\u00bb header_font=\u00bbPrata||||||||\u00bb header_text_align=\u00bbcenter\u00bb header_font_size=\u00bb3rem\u00bb header_line_height=\u00bb1.5em\u00bb header_2_font=\u00bbPrata||||||||\u00bb header_2_text_align=\u00bbcenter\u00bb header_2_font_size=\u00bb3rem\u00bb header_2_line_height=\u00bb1.5em\u00bb global_colors_info=\u00bb{}\u00bb]<\/p>\n<h1><strong>O Cebreiro<\/strong><\/h1>\n<p>[\/et_pb_text][\/et_pb_column][\/et_pb_row][et_pb_row _builder_version=\u00bb4.22.2&#8243; _module_preset=\u00bbdefault\u00bb global_colors_info=\u00bb{}\u00bb][et_pb_column type=\u00bb4_4&#8243; _builder_version=\u00bb4.22.2&#8243; _module_preset=\u00bbdefault\u00bb global_colors_info=\u00bb{}\u00bb][et_pb_text _builder_version=\u00bb4.23.1&#8243; _module_preset=\u00bbdefault\u00bb text_font=\u00bbPrata||||||||\u00bb text_font_size=\u00bb1.2rem\u00bb text_line_height=\u00bb1.6em\u00bb header_font=\u00bbPetrona||||||||\u00bb header_text_align=\u00bbcenter\u00bb header_font_size=\u00bb3rem\u00bb header_line_height=\u00bb1.5em\u00bb header_2_font=\u00bbPrata||||||||\u00bb header_2_text_align=\u00bbcenter\u00bb header_2_font_size=\u00bb2rem\u00bb header_2_line_height=\u00bb1.5em\u00bb text_font_size_tablet=\u00bb1.3rem\u00bb text_font_size_phone=\u00bb1.3rem\u00bb text_font_size_last_edited=\u00bbon|phone\u00bb global_colors_info=\u00bb{}\u00bb]<\/p>\n<h2>O Cebreiro<\/h2>\n<p>The starting point of the Galician section of the Camino de Santiago, it is a place that is worthwhile in itself, although it is very marked by being a constant passage of pilgrims.<\/p>\n<p>It is located at an altitude of 1,300 metres, between the Caurel and Ancares mountain ranges. The \"pallozas\", the typical pre-Romanesque dwellings of the area, have been restored to give us an idea of what life was like in those times. Thanks to the fact that the family shared space with the stable and the hayloft, they were able to survive the harsh winters in the area.<br \/>In addition, at the entrance to the village you can visit the House Museum.<\/p>\n<p>We also find in the village the Sanctuary where it is said that the miracle of the Holy Grail took place when a villager came to hear mass in spite of the heavy snow that was falling. Seeing him freezing to death, a friar asked him contemptuously how, despite the storm, he came to church just to see a little bread and a little wine in his hands. According to legend, during the Consecration the wine took on the appearance of blood, and the bread of flesh, at the same time as the image of the Virgin prostrated herself on her knees in reverence to the body and blood of Christ. The news of the miracle reached the ears of the Catholic Monarchs, who visited the Sanctuary and gave the monks a reliquary in which the flesh and blood are supposedly still preserved and which can be seen in the chapel of the Holy Miracle. This chalice is one of the symbols of Galicia and appears in the logo of the Xunta.<\/p>\n<p>O CEBREIRO is the beginning of the Way of St. James in Galicia. It is located just over 170 km from the city of the Apostle. O Cebreiro is situated at an altitude of 1300 metres in the Alto de O Cebreiro. Its foundation dates from before the arrival of the Romans, although it is from the beginning of the pilgrimages when O Cebreiro becomes an important enclave of the Camino.<\/p>\n<p>In O Cebreiro we can see some very peculiar constructions: The\u00a0<a href=\"https:\/\/es.wikipedia.org\/wiki\/Palloza\" target=\"_blank\" rel=\"nofollow noopener\">pallozas<\/a>.<\/p>\n<p>This Galician town also has an important jewel of pre-Romanesque art dating from the 9th century. The temple of Santa Mar\u00eda la Real, the oldest church in Galicia, is the\u00a0<a href=\"https:\/\/es.wikipedia.org\/wiki\/Camino_de_Santiago\" target=\"_blank\" rel=\"noopener\">Jacobean route.<\/a><\/p>\n<p>[\/et_pb_text][\/et_pb_column][\/et_pb_row][\/et_pb_section]<\/p>","protected":false},"excerpt":{"rendered":"<p>O CebreiroO Cebreiro Punto de partida del tramo gallego del Camino de Santiago, es un lugar que merece la pena por s\u00ed mismo, aunque est\u00e1 muy marcado por ser paso constante de peregrinos. Est\u00e1 situado a 1.300 metros de altitud, entre las sierras del Caurel y los Ancares. Se han rehabilitado las \u201cpallozas\u201d, las viviendas [&hellip;]<\/p>","protected":false},"author":1,"featured_media":303,"parent":0,"menu_order":0,"comment_status":"closed","ping_status":"closed","template":"","meta":{"_et_pb_use_builder":"on","_et_pb_old_content":"","_et_gb_content_width":"","footnotes":""},"class_list":["post-300","page","type-page","status-publish","has-post-thumbnail","hentry"],"_links":{"self":[{"href":"https:\/\/asmiguinasdocebreiro.com\/en\/wp-json\/wp\/v2\/pages\/300","targetHints":{"allow":["GET"]}}],"collection":[{"href":"https:\/\/asmiguinasdocebreiro.com\/en\/wp-json\/wp\/v2\/pages"}],"about":[{"href":"https:\/\/asmiguinasdocebreiro.com\/en\/wp-json\/wp\/v2\/types\/page"}],"author":[{"embeddable":true,"href":"https:\/\/asmiguinasdocebreiro.com\/en\/wp-json\/wp\/v2\/users\/1"}],"replies":[{"embeddable":true,"href":"https:\/\/asmiguinasdocebreiro.com\/en\/wp-json\/wp\/v2\/comments?post=300"}],"version-history":[{"count":6,"href":"https:\/\/asmiguinasdocebreiro.com\/en\/wp-json\/wp\/v2\/pages\/300\/revisions"}],"predecessor-version":[{"id":506,"href":"https:\/\/asmiguinasdocebreiro.com\/en\/wp-json\/wp\/v2\/pages\/300\/revisions\/506"}],"wp:featuredmedia":[{"embeddable":true,"href":"https:\/\/asmiguinasdocebreiro.com\/en\/wp-json\/wp\/v2\/media\/303"}],"wp:attachment":[{"href":"https:\/\/asmiguinasdocebreiro.com\/en\/wp-json\/wp\/v2\/media?parent=300"}],"curies":[{"name":"wp","href":"https:\/\/api.w.org\/{rel}","templated":true}]}}

<p>[et_pb_section fb_built=»1&#8243; disabled_on=»on|on|off» admin_label=»Call to Action» module_id=»habitaciones» _builder_version=»4.22.2&#8243; _module_preset=»default» background_image=»https://asmiguinasdocebreiro.com/wp-content/uploads/2023/10/ocebreiro.webp» custom_padding=»263px||263px||true|false» collapsed=»on» global_colors_info=»{}»][/et_pb_section][et_pb_section fb_built=»1&#8243; disabled_on=»on|off|on» admin_label=»Call to Action» module_id=»habitaciones» _builder_version=»4.22.2&#8243; _module_preset=»default» background_image=»https://asmiguinasdocebreiro.com/wp-content/uploads/2023/10/ocebreiro.webp» custom_padding=»169px||169px||true|false» collapsed=»on» global_colors_info=»{}»][/et_pb_section][et_pb_section fb_built=»1&#8243; disabled_on=»off|on|on» admin_label=»Call to Action» module_id=»habitaciones» _builder_version=»4.22.2&#8243; _module_preset=»default» background_image=»https://asmiguinasdocebreiro.com/wp-content/uploads/2023/10/ocebreiro.webp» custom_padding=»81px||81px||true|false» collapsed=»on» global_colors_info=»{}»][/et_pb_section][et_pb_section fb_built=»1&#8243; _builder_version=»4.22.2&#8243; _module_preset=»default» custom_padding=»50px||20px|||» global_colors_info=»{}»][et_pb_row _builder_version=»4.22.2&#8243; _module_preset=»default» global_colors_info=»{}» custom_padding=»||28px|||»][et_pb_column type=»4_4&#8243; _builder_version=»4.22.2&#8243; _module_preset=»default» global_colors_info=»{}»][et_pb_text _builder_version=»4.22.2&#8243; _module_preset=»default» header_font=»Prata||||||||» header_text_align=»center» header_font_size=»3rem» header_line_height=»1.5em» header_2_font=»Prata||||||||» header_2_text_align=»center» header_2_font_size=»3rem» header_2_line_height=»1.5em» global_colors_info=»{}»]</p>
<h1><strong>O Cebreiro</strong></h1>
<p>[/et_pb_text][/et_pb_column][/et_pb_row][et_pb_row _builder_version=»4.22.2&#8243; _module_preset=»default» global_colors_info=»{}»][et_pb_column type=»4_4&#8243; _builder_version=»4.22.2&#8243; _module_preset=»default» global_colors_info=»{}»][et_pb_text _builder_version=»4.23.1&#8243; _module_preset=»default» text_font=»Prata||||||||» text_font_size=»1.2rem» text_line_height=»1.6em» header_font=»Petrona||||||||» header_text_align=»center» header_font_size=»3rem» header_line_height=»1.5em» header_2_font=»Prata||||||||» header_2_text_align=»center» header_2_font_size=»2rem» header_2_line_height=»1.5em» text_font_size_tablet=»1.3rem» text_font_size_phone=»1.3rem» text_font_size_last_edited=»on|phone» global_colors_info=»{}»]</p>
<h2>O Cebreiro</h2>
<p>The starting point of the Galician section of the Camino de Santiago, it is a place that is worthwhile in itself, although it is very marked by being a constant passage of pilgrims.</p>
<p>It is located at an altitude of 1,300 metres, between the Caurel and Ancares mountain ranges. The "pallozas", the typical pre-Romanesque dwellings of the area, have been restored to give us an idea of what life was like in those times. Thanks to the fact that the family shared space with the stable and the hayloft, they were able to survive the harsh winters in the area.<br />In addition, at the entrance to the village you can visit the House Museum.</p>
<p>We also find in the village the Sanctuary where it is said that the miracle of the Holy Grail took place when a villager came to hear mass in spite of the heavy snow that was falling. Seeing him freezing to death, a friar asked him contemptuously how, despite the storm, he came to church just to see a little bread and a little wine in his hands. According to legend, during the Consecration the wine took on the appearance of blood, and the bread of flesh, at the same time as the image of the Virgin prostrated herself on her knees in reverence to the body and blood of Christ. The news of the miracle reached the ears of the Catholic Monarchs, who visited the Sanctuary and gave the monks a reliquary in which the flesh and blood are supposedly still preserved and which can be seen in the chapel of the Holy Miracle. This chalice is one of the symbols of Galicia and appears in the logo of the Xunta.</p>
<p>O CEBREIRO is the beginning of the Way of St. James in Galicia. It is located just over 170 km from the city of the Apostle. O Cebreiro is situated at an altitude of 1300 metres in the Alto de O Cebreiro. Its foundation dates from before the arrival of the Romans, although it is from the beginning of the pilgrimages when O Cebreiro becomes an important enclave of the Camino.</p>
<p>In O Cebreiro we can see some very peculiar constructions: The <a href="https://es.wikipedia.org/wiki/Palloza" target="_blank" rel="nofollow noopener">pallozas</a>.</p>
<p>This Galician town also has an important jewel of pre-Romanesque art dating from the 9th century. The temple of Santa María la Real, the oldest church in Galicia, is the <a href="https://es.wikipedia.org/wiki/Camino_de_Santiago" target="_blank" rel="noopener">Jacobean route.</a></p>
<p>[/et_pb_text][/et_pb_column][/et_pb_row][/et_pb_section]</p>

<p>O CebreiroO Cebreiro Punto de partida del tramo gallego del Camino de Santiago, es un lugar que merece la pena por sí mismo, aunque está muy marcado por ser paso constante de peregrinos. Está situado a 1.300 metros de altitud, entre las sierras del Caurel y los Ancares. Se han rehabilitado las “pallozas”, las viviendas [&hellip;]</p>
